+ 31. Let l = 8466 + -8452. What is q(l)?
17
Let d(j) be the third derivative of 17*j**4/24 + 53*j**3/3 - 107*j**2 - 1. Determine d(-6).
4
Let o(u) = -19*u + u**2 - 6*u + 19*u + 300 - 296 - 7*u. Determine o(15).
34
Let o(a) = -11*a**2 - 23*a + 8. Let j(z) = -7 + 4 + 5 + 1 - 4*z**2 - 8*z. Let w(s) = -8*j(s) + 3*o(s). Determine w(-5).
0
Suppose -l - 3 = 3*r + 15, -5*l = -4*r - 24. Let u be 7 - (-16)/r*-3. Let k(o) = o**2 - 17*o + 25. Give k(u).
-5
Let s(n) be the second derivative of n**4/24 - 4*n**3/3 - 34*n**2 - n + 40. Let r(a) be the first derivative of s(a). Calculate r(-7).
-15
Let h(c) be the third derivative of 0*c - 1/40*c**5 + 14/3*c**3 + 1/24*c**4 + 0 + 29*c**2. Let f(u) be the first derivative of h(u). Give f(-1).
4
Let p(g) = 20*g - 8. Let v = 3308 - 3308. Determine p(v).
-8
Suppose -49*l + 64 = -41*l. Let w(p) = l*p**2 + 11 - 6 + 2*p - 6 - 4*p. Give w(-1).
9
Let o(z) be the first derivative of -z**4/4 + 2*z**3/3 - z**2 + z + 54. Let r be 6 + 0 + -18 + 14. What is o(r)?
-3
Suppose -35*y = 3*y - 38. Let a(w) = 27*w - 5. Determine a(y).
22
Let s(n) be the second derivative of n**4/12 + n**3 + 13*n**2/2 - 12*n. Let o be s(-4). Suppose -l = -o*l + 16. Let p(m) = -m**2 + 5*m + 1. Give p(l).
5
Let k(i) be the third derivative of -i**5/60 - i**4/4 + i**3/6 + 3*i**2 - 920. Determine k(0).
1
Let m(a) = -a + 10. Let u be m(12). Let g(c) = 10*c - 5. Let t(j) = -4*j + 1. Let w(f) = g(f) + 2*t(f). What is w(u)?
-7
Let x = 201 - 154. Let c(j) = -14 + j + x - 22 - 12. Let s = 38 + -34. Determine c(s).
3
Let n(k) = -3*k + 11. Let o = 78 - 4. Let x = o + -13. Suppose x = 4*v + 25. What is n(v)?
-16
Let w be 25/(-150) + 26/12. Let i(x) = 10*x + x**3 + 14*x - 19*x - 8*x**w + 8. Give i(7).
-6
Let z(o) = -4*o**2 + 5*o + 4. Let w(s) = 5*s**2 - 6*s - 4. Let f(q) = -5*w(q) - 6*z(q). Suppose 0 = -18*j + 81*j + 41*j - 416. Give f(j).
-20
Let o be (-12)/(-2)*1/3. Suppose -4*q - o = -14. Let d(n) = -2 + 2 + 5*n + 2 - 7*n. Determine d(q).
-4
Let v(p) be the first derivative of p**3/6 + 13*p**2/2 - 116*p + 70. Let s(l) be the first derivative of v(l). Calculate s(-16).
-3
Let h(c) = 25 + 49 + 17 + 17 - 19*c - 103. Calculate h(-2).
43
Let v(x) = -x**2 + 25*x - 46. Let q(a) = -a**2 + 28*a - 47. Let c(r) = -2*q(r) + 3*v(r). Give c(16).
4
Suppose 3*u = -2*w + 85, 5*u - 53 = -4*w + 114. Suppose 0 = 7*d + w - 31. Let v(j) be the first derivative of -3*j**2 + 1. Calculate v(d).
6
Suppose 14*v = -0*v. Suppose -8*i + 64 = -v*i. Let w(n) = 3*n + 7. Calculate w(i).
31
Let q = 144 - 144. Suppose -132*p + 129*p - 6 = q. Let s(y) = -6*y**2 - 4*y - 2. What is s(p)?
-18
Let t(c) = c + 2. Let q(d) = -4*d - 6. Let v(z) = -z**3 - 6*z**2 + 8*z + 14. Let h be v(-7). Let r(l) = h*t(l) + 2*q(l). Suppose -8 = 3*x - 26. Calculate r(x).
-4
Let u(g) be the third derivative of -g**4/4 - 13*g**3/3 + g**2 - 1152. Determine u(-8).
22
Let v(x) = -18 - 8*x - 7 - 16 + 17 - 18. What is v(-10)?
38
Let p(t) = t**2 + 24*t + 110. Let u be p(-6). Let y(h) = 5*h**3 + 4*h**2 - 2384*h - 4*h**3 - u + 2386*h. Determine y(-2).
2
Let n be (-1 - -4) + (-2)/(-1). Suppose -7*r - n = 9. Let a be (r/(-3))/((-6)/(-27)). Let h(t) = 5*t + 2. What is h(a)?
17
Suppose 0 = 6*r - 74 + 32. Let l = -20 + 29. Let m be l/18*(1 - r). Let q(u) = 2*u + 2. Calculate q(m).
-4
Let r be 36/(6/(-2))*-1. Let h(c) be the second derivative of -7/6*c**3 - r*c + 0 + 1/20*c**5 + 1/2*c**4 + 2*c**2. Give h(-7).
4
Let k(y) = 9*y - 2. Let v be k(-3). Suppose -14*d + 222 + 114 = 0. Let r = d + v. Let q(w) = -w**3 - 5*w**2 + 4*w + 6. What is q(r)?
-14
Let u(x) = x**3 + 5*x**2 - 7*x - 12. Let r be 21/(-3)*(445/35 + -12). What is u(r)?
23
Let v(a) = -a - 1. Let d(s) = -5*s - 1. Let c(b) = 2*d(b) - 11*v(b). Suppose -4*f + 12 = -3*z, 0 = -5*z - 4*f + 8*f - 28. Determine c(z).
1
Let b(n) be the first derivative of -n**5/20 - 2*n**4/3 + n**3/3 + 6*n**2 - 5*n - 86. Let m(d) be the first derivative of b(d). Give m(-8).
-4
Let p(r) = r**3 - 6*r**2 + 9*r + 2. Let z = 2095 + -2092. Calculate p(z).
2
Let h(r) = r**3 + 10*r**2 + 7*r + 30. Let o be h(-10). Let b be (o/(-3))/(18/27). Let u be 15/((-15)/b*-4). Let t(p) = -2*p - 2. Give t(u).
-12
Suppose 2 = 5*o - 8, -5*o + 340 = 5*d. Let u = d - 70. Let r(p) = p**3 + 3*p**2 - 6*p - 3. Determine r(u).
5
Let l be (-2 + (8 - 5))*(6 + -3). Let s(i) = -1 - l*i**2 + 5*i**2 - 1233*i**3 + 1230*i**3. Determine s(2).
-17
Let d = -7104 - -7106. Let g(f) = 2*f**3 + 8*f**2 - 10*f + 7. Give g(d).
35
Let z(i) be the second derivative of -i**5/120 + i**3/6 + i. Let j(o) be the second derivative of z(o). Suppose -21 - 168 = -103*u + 120. What is j(u)?
-3
Let r be 9/5*100/30. Let z be (r + -8 + 8)/(-2). Let n(l) = -6*l - 7. Give n(z).
11
Let x(g) be the third derivative of -g**4/24 + g**3/6 - 153*g**2 - 2*g. Let l be (25/(-10) - -4)*-6. Give x(l).
10
Let c(x) = 11*x**2 - 57*x - 1. Let i(a) = 2*a**2 - 1. Let p(l) = c(l) - 4*i(l). Determine p(19).
3
Let w(b) = 19 - 1 - 11*b + 2 - 11. Determine w(-2).
31
Let v be ((-935)/(-30) - 29) + 1*(-2)/12. Let t(a) = -16*a**2 + 5*a - 1. What is t(v)?
-55
Let c(b) be the third derivative of -3/8*b**4 + 48*b**2 + 0*b - 1/6*b**3 - 1/60*b**5 + 0. Determine c(-7).
13
Let n(s) = -5 - 4*s - 3*s - 10 + 0 + 24. Determine n(5).
-26
Let p(q) = q - 2. Let v be p(4). Let n = v + -1. Let y(g) = -40*g + 3 + 89*g - 3 - 32*g. Give y(n).
17
Let j(a) = a**2 + 14*a. Let o(v) = -3*v**2 - 31*v - 1. Let w be (2 + (-9)/12)/((-3)/(-12)). Let n(s) = w*j(s) + 2*o(s). What is n(7)?
5
Let p be 9/9 - 2 - -5. Suppose -p*o - 35*v - 19 = -38*v, v - 3 = -2*o. Let h(f) be the third derivative of 3*f**5/20 - f**4/24 - f**3/6 - f**2. What is h(o)?
9
Suppose 5*f = f - 16. Let n = f - -6. Suppose l + 4 + 8 = -n*o, -3*l + 2*o = -4. Let j(x) = -x**2 - x - 2. What is j(l)?
-4
Let z(l) be the first derivative of l**3/3 - 31*l**2/2 + 238*l - 2324. Give z(14).
0
Let b(p) = p**3 + 6*p**2 + 4*p + 16. Suppose 0 = 9*a + 120*a + 774. Calculate b(a).
-8
Let v(k) = 57*k + 6 + 6*k**2 - 59*k - 24803*k**3 + 24802*k**3. Calculate v(5).
21
Let g(l) = -l**3 + 17*l**2 + 28*l - 5. Let m be g(18). Suppose 0 = -7*d - 28*d - m. Let w(c) = -c**2 + 4*c + 2. Give w(d).
-43
Let x be 25/(-10) - (2 - (-75)/(-30)). Let g(o) be the first derivative of -3*o**2 - o - 1. Determine g(x).
11
Let q = -64 - -104. Let x be 10/2*16/q. Let p(v) = 12 + 2 + 3 - 16 + x*v - v**2. Determine p(2).
1
Let a be -14*(77/(-14) - -5). Suppose -d + 33 = 12*w - a*w, -3*w = 2*d - 24. Let r(s) = -2*s + 5. Calculate r(w).
-7
Let z(q) be the third derivative of q**6/120 - 11*q**5/60 + 23*q**4/24 + 4*q**3/3 + 11*q**2 + 13. What is z(4)?
-12
Let l(v) = v**3 - 845 + 410 + 426 + 6*v**2 - 10*v. Give l(-7).
12
Suppose 3*m - g = 37, -2*m - 3*g + 9 = -m. Let n be (m/8)/(2/4). Suppose i + 5 = -n. Let c(q) = q + 14. Determine c(i).
6
Let n(z) = z**2 - z - 24. Let b be n(5). Let j(x) = 359*x + 8 - 356*x - 3. Calculate j(b).
-7
Let l(u) = -u**3 + 6*u**2 - 6*u + 34. Let w be ((-17)/((-2890)/(-408)))/(2/(-5)). Determine l(w).
-2
Let s(y) = 1354*y - 2660*y + 1292*y - 22. Determine s(-5).
48
Let v(j) = 2 - 171*j + 0*j**2 + j**2 - 175*j + 353*j. What is v(-8)?
10
Let i(s) = -s**3 + 6*s**2 + 9*s - 43. Suppose 0 = -5*a - 45, 10*m - 14*m + a = -33. Calculate i(m).
11
Let u(j) = 14*j**3 - 49*j**2 + 57*j + 95. Let b(s) = -3*s**3 + 10*s**2 - 12*s - 20. Let g(v) = -19*b(v) - 4*u(v). What is g(-5)?
25
Let d(z) = -11*z**2 + 4*z - 2. Let n = 3 + -1. Let k(c) = c**n - 7*c + 9*c**2 + 11*c**2 + 4. Let t(p) = 11*d(p) + 6*k(p). Calculate t(-2).
18
Let p(s) = 5*s + 2. Let m(r) = -9*r - 3. Let n(w) = -6*m(w) - 11*p(w). Let z(i) = -i**2 + 13*i. Let o = 8 + 5. Let y be z(o). Determine n(y).
-4
Let x(n) be the second derivative of 1/6*n**3 + n - 1/12*n**4 + 0 - 13/2*n**2. Let b be (0 + 0)*39/78. Determine x(b).
-13
Let t(u) be the second derivative of -u**5/20 + u**4/12 - u**3/6 + 2*u**2 + u. Suppose -44*y = -67*y + 37*y. Determine t(y).
4
Suppose 0 = -0*a + a + 6. Let l(v) be the first derivative of -7 - 1/4*v**4 + v**2 - v - 2*v**3. Give l(a).
-13
Let i(q) = -q**2 + 7*q + 3*q - 15*q + 5*q**2 + 2 - 5*q**2. Calculate i(-5).
2
Let m(g) = -g**2 + 7*g + 4. Let o = 428 + -425. Let z be 11 - (12/(-3))/4 - o. What is m(z)?
-14
Let g(l) = 355*l**3 - 32*l**2 + 18 - 32*l + 18*l**2 - 356*l**3. What is g(-11)?
7
Let n(x) = -x**3 